z(o)?
8
Suppose 1062 = -2*j + 2800. Suppose 2*n - 4*n = -4*i + 878, -4*i - n + j = 0. What is the tens digit of i?
1
Let m = -9 + 12. Let k be ((-5)/m)/((-9)/27). Suppose 2*s - k*v = -6, 3*v - 1 = 5. What is the units digit of s?
2
Let n(w) be the first derivative of w**4/8 - w**2/2 + 2. Let d(k) be the second derivative of n(k). What is the units digit of d(1)?
3
What is the tens digit of ((-40)/7)/(58/(-609))?
6
Let i be ((-282)/(-10))/((-2)/(-20)). Suppose 7*t - i = 4*t. What is the units digit of t?
4
Let j = 722 - 276. What is the units digit of j?
6
Suppose 63*w - 40565 = 2*w. What is the tens digit of w?
6
Let k(i) = -46*i. Suppose 4*l = -5*d + 16, 3*d + 8 = 2*l + d. Suppose 2*r - 2 = l*r. What is the tens digit of k(r)?
4
Let s(h) = -71*h**3 + 3*h**2 + 9*h + 9. Let j(i) = -4 - 17*i**2 - 2*i + 35*i**3 + 16*i**2 - 2*i. Let n(m) = -5*j(m) - 2*s(m). What is the units digit of n(-1)?
2
What is the units digit of (10/(-8))/(2*4/(-1984))?
0
Let w(l) = 2*l**2 - 5*l - 2. Let a be w(5). Suppose a = 2*t + 9. What is the units digit of ((-28)/8)/t*-2?
1
Let q = -97 - -92. What is the tens digit of (-1)/(-6) - q/((-120)/(-3548))?
4
Suppose -11*n - 20 = -9*n. Let f be n*(1 + 14/(-10)). Let v = f - -4. What is the units digit of v?
8
Let c(v) = -v**2 - 5*v + 21. Let a be c(-7). Let k = 6 - 3. Suppose k = 2*n - a. What is the units digit of n?
5
Let o(f) = 8*f + 7. Let l be o(-5). Let w = l + 55. What is the units digit of w?
2
Let a(t) = -3*t + t**2 - 1 - 1 - 1 - 4 + 10. Let j(s) = -5*s**2 + s + 1. Let g be j(-1). What is the units digit of a(g)?
3
Let y(x) = 171*x - 121. What is the hundreds digit of y(7)?
0
Let y(a) = -3 - 2 + 3 + 6 + 18*a**3. What is the units digit of y(2)?
8
Let p = -144 - -130. What is the tens digit of (-4)/(-14) + (-3776)/p?
7
Let d be ((-12)/(-10))/((-6)/(-460)). Let r = 51 + -27. Suppose d = 4*a + r. What is the tens digit of a?
1
Let a be (-2)/(-10) + (-508)/(-10). Let c be a*((-8)/12 + 0). Let v = c + 50. What is the tens digit of v?
1
Let i(h) = 4*h**2 - 4*h + 6. Let m(v) be the first derivative of -v**4/4 + 7*v**3/3 - 5*v**2/2 - 2*v + 5. Let w be m(6). What is the units digit of i(w)?
4
Suppose -6*v - 2*w + 3041 = -3*v, v - 2*w - 1011 = 0. What is the units digit of v?
3
Let l(y) = 28*y**3 - 2*y**2 + y. Let r be l(1). Let w be -2*6*(-9)/r. Suppose -w*a = -0*a - 240. What is the tens digit of a?
6
Let a = 730 + -716. Let y(o) = -o**3 + 4*o**2 + 4*o - 7. Let h be y(5). Let p = a + h. What is the units digit of p?
2
Suppose f + 12 = 5*f. Suppose -g + 12 = f*g. Suppose -5*l - 3*c + 2*c = -13, -g = -c. What is the units digit of l?
2
Let b(i) = 0*i - 2 + i**2 - 2 - 2*i - i. Let s be b(4). Suppose s*g = -4*g + 112. What is the units digit of g?
8
Suppose 0 = -r + 4*r. Let n be r/(-1) + 60 + 10. What is the tens digit of (n/(-3))/(22/(-33))?
3
Let y(q) = -q**3 + 25*q**2 - 6*q - 63. What is the thousands digit of y(11)?
1
Suppose 3*m - w - 4 - 16 = 0, 2*w = -4. Suppose q + 60 = m*q. What is the tens digit of q?
1
Let m be 195*(3 + (-15)/3). Let h be 5/(10/4) - m. What is the units digit of 3/(-9) + h/6?
5
Let i be 5 + (136 - 4 - 0). Suppose -2*k = -5*r + k + 633, r = -2*k + i. What is the tens digit of r?
2
Suppose 4*l + 15 - 39 = 0. Let a(n) = n**3 - 7*n**2 + 6*n + 5. Let t be a(l). Suppose 0*m = -t*m + 120. What is the tens digit of m?
2
Suppose 388 + 52 = 4*f + 2*o, 0 = 4*f - 2*o - 456. What is the units digit of f?
2
What is the tens digit of -10*((-364)/312)/((-2)/(-6))?
3
Suppose 10*t - 20*t = -570. Let g(l) = 5*l - 4. Let a be g(-5). Let s = a + t. What is the tens digit of s?
2
Suppose 0*g + 148943 = 47*g. What is the units digit of g?
9
Suppose -254391 = -96*v + 166665. What is the units digit of v?
6
Suppose 0 = -m - 2*c + 1969, 3*m = 5*m - 3*c - 3931. What is the tens digit of m?
6
Let j(a) = -a**3 - 13*a**2 - 30*a + 218. What is the units digit of j(-18)?
8
Let d = 816 + -169. What is the hundreds digit of d?
6
Suppose -1 = -n - 5. Let k be 3 + -2 - (-12)/n. What is the units digit of ((-333)/18)/(k/4)?
7
Let x be 5*8/(-12)*-3. Let j(f) = -f**2 + 13*f - 15. What is the tens digit of j(x)?
1
Suppose 0 = 12*j - 4*j - 5184. What is the tens digit of j?
4
Let y = 28 + 4. Let c = y + 161. What is the tens digit of c?
9
Let n be 2/(-5) - 5/(150/2358). Let w = 139 + n. What is the tens digit of w?
6
Let o(y) be the third derivative of -y**5/60 - 5*y**4/8 - y**3/2 - 6*y**2 - 2*y. What is the units digit of o(-8)?
3
Suppose 4*p = 2*s - 516, 2*p - 89 - 149 = -s. What is the units digit of s?
8
Suppose 3*f = 52 + 17. Let g = f + -13. What is the units digit of g?
0
Suppose 130*d = 142*d - 8124. What is the hundreds digit of d?
6
Let q be (2 + 0)*-1 - 19. Let y = -56 - -101. Let h = y + q. What is the units digit of h?
4
Let o be (10/6)/((-6)/18). Let n(f) = -f**2 - f - 1. Let c(k) = k**3 + 2*k**2 - k - 5. Let h(l) = c(l) - 6*n(l). What is the tens digit of h(o)?
5
Let i = -5 + 10. Suppose x - 129 - 39 = -i*t, 5*x - 975 = 2*t. What is the hundreds digit of x?
1
Let s(f) = f**2 - f - 41. Suppose -5*v - 3*z = -0*z - 45, 0 = -5*v - 5*z + 35. What is the units digit of s(v)?
1
Let j = -8 - -10. Suppose 2*n + j*n = -88. Let v = n - -44. What is the units digit of v?
2
Let v(w) = 25*w - 25*w - 18*w**3 - 1 + 80*w**3. Let g be v(-1). Let y = 117 + g. What is the tens digit of y?
5
Let h(a) = 51*a**2 - 4*a + 4. Let j be 4*(2 + (-12)/8). Let d be h(j). Suppose -50 = -o - 3*x, -2*x = 5*o + 3*x - d. What is the tens digit of o?
3
Suppose -4 = -10*b + 6*b. Let g be ((-84)/(-48))/(b/(-52)). Let x = -38 - g. What is the units digit of x?
3
Let x be 3/(-12) + 3098/8. Let s = -58 + x. What is the units digit of s?
9
Let t(x) = -x**3 + 14*x**2 - 12*x - 9. Let m be t(13). Suppose 0 = 4*v + m - 136. What is the tens digit of v?
3
Let y = -149 - -1264. What is the thousands digit of y?
1
Let f be 59/2*((0 - 2) + 56). Suppose j = -8*j + f. What is the hundreds digit of j?
1
Suppose 3*x = 2*y + 1364, 0 = -5*x - 4*y + 3401 - 1113. What is the hundreds digit of x?
4
Let y = 2262 + -989. What is the hundreds digit of y?
2
Suppose 4*i + 6 - 18 = 0. Suppose -2*c + 0*c - 5*h + 160 = 0, 0 = -i*h - 12. What is the units digit of c?
0
What is the tens digit of 33144/72 + ((-4)/(-6))/1?
6
Let x(r) = 528*r**2 + 7*r + 3. What is the tens digit of x(-1)?
2
Let v = 1591 + -1116. Suppose -4*o + v = 5*j, -4*j - 4*o + 94 + 290 = 0. What is the tens digit of j?
9
Let p be ((-2)/(-4))/((-1)/(-10)). Suppose 8 = -8*o + 10*o. Suppose u + 7 = 6*z - o*z, z - p = -u. What is the units digit of z?
4
Let c(z) = 3*z + 6. Let d be c(-4). What is the units digit of (-5 - d)*(-7)/(-1)?
7
Suppose 0 = s + 10 - 13. Suppose 903 = 3*o + 5*y, y + y = s*o - 903. What is the hundreds digit of o?
3
Suppose 0 = 4*z + 29 + 55. Let w = z + 25. Suppose 123 = w*m - 37. What is the tens digit of m?
4
Let u(c) = -c + 10. Let r(i) = 10. Let d(n) = 2*r(n) - 3*u(n). What is the units digit of d(5)?
5
Suppose 5*z = 2*b - 277 + 2, 0 = 3*b + 2*z - 403. Suppose -160 = -5*g + b. What is the units digit of g?
9
Let f = 408 + 66. What is the hundreds digit of f?
4
Let x(f) = 9*f**3 + 17*f**2 - 50*f + 2. What is the hundreds digit of x(4)?
6
Let u = -216 + 332. What is the units digit of u?
6
Let x = 17 + -1. What is the units digit of 112/11 - x/88?
0
Let h be 3*(-1)/3*-57. Let v = h - 33. Suppose 7*k - v = -k. What is the units digit of k?
3
Let n = -109 + 71. Let f = n - -106. What is the units digit of f?
8
Let h = 932 - -305. Suppose -1538 = -5*c + j, -4*c + h = -j - 2*j. What is the tens digit of c?
0
Let v(c) = -5*c - 8. Let t be v(-2). What is the units digit of (-4)/t + 52 - 4?
6
Suppose -3936 = -5*r - 1061. What is the units digit of r?
5
Let h be 6/(-8) + 0 + (-897)/(-92). Suppose 0*l = -h*l + 1512. What is the hundreds digit of l?
1
Let d(q) = -3*q**2 + 4*q**3 - 4*q**3 - q**3 + q**2 + 2. Let m be d(-2). Suppose m*s - 4*s = -z - 71, -4*z = -5*s + 176. What is the units digit of s?
6
Suppose 0 = u - 2*s - 48, 2*u - 2*s = -2*u + 192. Suppose 0 = -4*g + 4*d - d + u, 3*g - 31 = d. Suppose -h - g = -25. What is the units digit of h?
6
Suppose 22 = l - 2. Suppose 5*h - 49 = -3*q, -q + h = q - l. What is the units digit of q?
3
Let l = 2 + -12. Let v be l/(-15) - (-422)/6. Suppose -3*n - 67 = -5*i,